ulate the remainder when y(1) is divided by 65.
63
Let c be (1*-1)/2 - 88/176. Let v(m) = -244*m - 14. Calculate the remainder when v(c) is divided by 8.
6
Suppose 3*u = -h + 1491, 2*h - u - 3946 = -936. What is the remainder when h is divided by 8?
7
Suppose -3*g + 3 = -3, 6 = -i + 4*g. Let m be i*1 + (-2 - -2). Suppose 4*q + m*b - 28 = 12, -5*q + 52 = 2*b. Calculate the remainder when 30 is divided by q.
6
Suppose -484 = -3*l - 142. Suppose -5*y + 34 = -3*y + 4*z, 0 = -2*y - 2*z + 22. What is the remainder when l is divided by y?
4
Let k be (6/48)/(2/48). Suppose 3*p - 4*p - d + 56 = 0, k*p + 2*d = 167. What is the remainder when p is divided by 34?
21
Suppose 5*f - 8*f = -9. Suppose f*b - 22 - 2 = 0. Let x(n) = -17*n - 411. What is the remainder when x(-25) is divided by b?
6
Let i = 6 + -3. Let g(k) = -8*k**2 + 49*k. Let b be g(6). Suppose n - 28 = 5*j, j - i*j = -b. What is the remainder when 128 is divided by n?
42
Suppose 0 = 4*n + 2*g - 9 - 13, -5*g + 5 = 0. Suppose 0 = 5*l - 3*p - 110, -5*l + n*p + 44 = -56. What is the remainder when 37 is divided by l?
12
Let u(f) = f**2 + 6*f + 9. Let r = -58 + 65. Suppose -2*h + 6*w + 6 = r*w, 0 = 5*h - 3*w - 37. Calculate the remainder when u(h) is divided by 23.
18
Suppose 2650 = 16*n - 374. Suppose -2*v + y + n = 0, 136 = 4*v + 3*y - 237. What is the remainder when v is divided by 19?
18
Let l = -913 + 1046. Calculate the remainder when 258 is divided by l.
125
Suppose 0 = -3*x - 15 + 45. What is the remainder when 3684/(-3377) - 442/(-22) is divided by x?
9
Let u = -559 + 639. Let g = 32 + -21. Suppose -8*d = -g*d + 36. Calculate the remainder when u is divided by d.
8
What is the remainder when 1421 + (-6 - 240/24) is divided by 277?
20
Suppose 4*h - 8 = 9*d - 5*d, 2*h + 4*d = 10. Suppose h*l - 54 = r - 5, 3*l - 51 = 3*r. Calculate the remainder when 26 is divided by l.
10
Let h = 1512 + -1506. Calculate the remainder when 114 is divided by h.
0
Let j = -2413 + 2551. What is the remainder when 525 is divided by j?
111
Let a(o) be the first derivative of o**3 - 5*o**2/2 + 4*o - 139. Calculate the remainder when 33 is divided by a(2).
3
Suppose 2*p = 43 - 39. Suppose -4*z + 355 = z - 3*l, -p*z - l = -131. What is the remainder when 269 is divided by z?
65
Suppose -q + 5*l + 20 = 0, -4*q + 5 = 3*l + 2*l. Let b = q - -4. Suppose 47445*a - 47471*a + 104 = 0. Calculate the remainder when b is divided by a.
1
Let v(g) = 0 - g + 9*g**2 + 2 - 15*g**2 + 3*g**2. Let r be 0/(-2)*1 - 0. Calculate the remainder when 3 is divided by v(r).
1
Let a(s) = -s**2 + 16*s + 19. Let q = 0 + 12. Suppose 2*y = 2*k - q + 44, -5*k = 10. What is the remainder when a(y) is divided by 8?
7
Calculate the remainder when 1278 is divided by 13*2 - (-262 + 272).
14
Let g(o) = 2*o**2 + 2*o - 2. Let v be g(2). Suppose -5*b = c - 42, 4*c + v*b = 8*b + 96. Calculate the remainder when 40 is divided by c.
18
Suppose 0 = 3*p - 0*p - 12. Calculate the remainder when 310/5 + 1 + 8 + -8 is divided by 31 + 0 - p - 4.
17
Let j = -7 - -38. Let t(q) = -2*q**2 + 25*q - 28. Calculate the remainder when j is divided by t(11).
1
What is the remainder when ((-69)/9 - -8)/(3/9252*4) is divided by 242?
15
Let p(o) = 10*o**2 + 26*o - 129. Calculate the remainder when p(-6) is divided by 24.
3
Let u = -27 + 71. Suppose -15*g + u = -13*g. Suppose -3*t + 2 + g = 0. What is the remainder when 38 is divided by t?
6
What is the remainder when (-4)/(-74) + (-1333969)/(-3959) is divided by 66?
7
Let g(t) = 3*t**2 - 184*t - 103. What is the remainder when g(62) is divided by (0 - 0) + 8 - -4?
9
Suppose o = -9*k + 4*k + 382, 0 = 3*o + 3*k - 1134. Suppose 0 = 3*q + o - 602. Calculate the remainder when 296 is divided by q.
71
Let q(u) = -u**3 + 7*u**2 - 4*u - 2. Let n(s) = -s + 23. Let y be n(18). Calculate the remainder when 106 is divided by q(y).
22
Suppose -31*k = -0*k + 1047 - 1481. What is the remainder when 3600 is divided by k?
2
Suppose 110*g = 102*g + 4280. What is the remainder when g is divided by 90?
85
Let y = 2602 + -2411. Calculate the remainder when 402 is divided by y.
20
Let g(d) = -2*d**2 - 17 + 8*d + 0 + 2*d**3 - 3*d**3 + 4*d**3 - 2*d**2. What is the remainder when 142 is divided by g(3)?
38
Suppose 2400 = -11*s - 746. Calculate the remainder when 21 is divided by (-4)/22 - 4056/s.
7
Suppose -5*a = -80 + 30. Calculate the remainder when (5572/(-16))/(-7) - a/(-40) is divided by 4/14 - (-351)/21.
16
Let f = 2047 + -1976. What is the remainder when 491 is divided by f?
65
Suppose -2*o + 17 + 52 = 5*s, -50 = -4*s + o. What is the remainder when 467 is divided by s?
12
Let q(a) = 61*a - 832. What is the remainder when ((-140)/6)/(4/(-30)) is divided by q(14)?
21
Suppose -150*o + 145*o + 1565 = 0. What is the remainder when o is divided by 291?
22
Suppose 3*x - 187 = 5*a, -x = -2*a + a - 39. Let n = a + 59. Let w = -79 + 126. What is the remainder when w is divided by n?
23
Let y = 78 + -3. What is the remainder when 294 is divided by y?
69
Calculate the remainder when (109230/90 + 11)/(2/3) is divided by 318.
247
What is the remainder when ((-11328)/(-21) - 1) + (-135)/315 is divided by 7?
6
Suppose -3*c = 4*i + 59, -i - c - 16 = -0*c. Suppose -10*y + y + 180 = 0. Calculate the remainder when 2/11 + (-845)/i is divided by y.
17
Let d be -10 - (-5 + (-25)/(-5)). Let i = -17 + 30. What is the remainder when (-888)/d + (-5)/((-200)/8) is divided by i?
11
Suppose -3*y + 3*q + 12 = -108, 92 = 3*y + 4*q. Calculate the remainder when 1 - -8 - 119/(-1) is divided by y.
20
Suppose 4*i + 423 = 5*n, 4*n - 319*i - 336 = -317*i. Calculate the remainder when 8793 is divided by n.
78
Let s(c) = 4*c**2 - 143*c - 174. What is the remainder when 887 is divided by s(37)?
7
Let h(b) be the third derivative of b**4/12 + 77*b**3/6 + 10*b**2 - 3*b. What is the remainder when 47 is divided by h(-35)?
5
Let p(l) = 7*l + 79. Let o be p(-11). Suppose 103 + 124 = 5*u - o*k, -4*k + 86 = 2*u. Calculate the remainder when u is divided by -6*((-2)/3 - 2).
13
Suppose -66*o + 25891 + 826 + 21793 = 0. Calculate the remainder when o is divided by 220.
75
Suppose -8*d - j = -4*d - 66, 3*d - 2*j - 55 = 0. Let c(p) = 14*p - 122. Calculate the remainder when c(d) is divided by 17.
14
Suppose 23*y + 45*y - 672 = 44*y. Calculate the remainder when 1679 is divided by y.
27
Calculate the remainder when 412 is divided by 5301/124*(-20)/(-15).
13
Suppose 0 = -38*z + 12768 - 2926. Calculate the remainder when z is divided by (116/(-8))/((-2)/4).
27
Let z(f) = 3*f + 42. Let l be z(-7). Suppose 0*b + 8 = b - 2*y, 0 = 4*b - y - 60. Suppose -b*i = -l*i + 395. Calculate the remainder when i is divided by 17.
11
Suppose -2*m + 5*i = -63, -5*m + 5*i = -47 - 118. Let y = -176 - -199. Suppose -y*z = -682 + 268. Calculate the remainder when m is divided by z.
16
Let b(c) = -16*c + 8*c - 3*c**2 + 3 - c**3 + 2*c**3. Let w be b(5). Let g = w + 54. Calculate the remainder when g is divided by 14.
11
Suppose 5*c = -25, 5*c + 38 = -5*g + 148. Calculate the remainder when 27 is divided by g.
0
Suppose -5*p = -l - 195, -68*l - 115 = -3*p - 67*l. Suppose 0 = 5*c - 5. Calculate the remainder when p is divided by (-2)/(-2)*(c - -13).
12
Suppose -45*l - 38 = -4*x - 40*l, -4 = 2*l. Calculate the remainder when 40 is divided by x.
5
Suppose -42*x + 4*w - 174 = -44*x, 165 = 2*x + w. Calculate the remainder when x is divided by 43.
38
Let d(a) = a**3 + a**2 - 18*a - 14. Calculate the remainder when 993 is divided by d(-4).
3
Suppose -5*i = -4*c + 991, 505 = c + 2*i + 254. What is the remainder when 2485 is divided by c?
244
Suppose 34515 = 25*w + 20*w. Let l = -674 + w. Calculate the remainder when l is divided by 52.
41
Let t be (-614)/(-5) + (-2)/(-10). Let z = t + -92. Calculate the remainder when 106 is divided by z.
13
Let n = -2757 + 3188. Suppose 0 = -3*g - 4*r + 178, -6*r + 4*r = 3*g - 182. Calculate the remainder when n is divided by g.
59
Let v(x) = 2*x + 45. Let w be v(-12). Let m(o) = o**2 + o + 2. Let l be m(-4). Suppose s - l = w. Calculate the remainder when 68 is divided by s.
33
Let b be (-73 - (-4 + 3)) + 2. Let i = -68 - b. Suppose 5*q = -5*d + 255, i*d - 49 = 3*q - 4*q. Calculate the remainder when q is divided by 18.
17
Let c = -651 - -1245. What is the remainder when 163 is divided by c/